) a prime number?
False
Suppose -b + 3*j = -4213, -3*b + 20*j - 16*j + 12619 = 0. Is b prime?
True
Let r(z) = -z + 3. Let d be r(3). Suppose o - t = 0, -2*o - 5*t = 3*o. Suppose o = h - 35 - d. Is h composite?
True
Let r be 28*(-9)/2*(-96)/56. Suppose -s + 519 = r. Is s a composite number?
True
Suppose 5*a - 220 = 3*b, 5*b = -7 - 18. Let x = -81 + a. Let j = 219 + x. Is j a prime number?
True
Let c = -14348 - -26715. Is c composite?
True
Suppose 64*b = 71*b - 68971. Is b composite?
True
Let p(n) = n**2 + 1. Let o be p(1). Suppose 5*a = -o*j + 3, a + 5 = -j + 2*j. Let d(c) = 91*c**2 + c + 1. Is d(a) composite?
True
Suppose 6*f - 8*f + s = -251, -2*s + 6 = 0. Is f a composite number?
False
Let v = -1043 + -112. Let n = -314 - v. Is n prime?
False
Suppose 3*s - 2*o + 33 = -27, -15 = s + o. Let n(c) be the second derivative of c**5/20 + 17*c**4/12 - 25*c**3/6 - 17*c**2/2 - 195*c. Is n(s) prime?
True
Let n(u) = -2*u**3 + 9*u**2 - 4*u. Let p(j) = 5*j**3 - 17*j**2 + 8*j + 1. Let v(q) = -11*n(q) - 6*p(q). Is v(-3) a prime number?
False
Suppose 701784 + 9136 = 40*g. Is g composite?
True
Let j be 4/6 + 14/(-3). Let b(i) = 12*i + 28. Let f be b(-2). Is 375/f - j/16 prime?
False
Let d(h) = -h**2 + h - 1. Let z(y) = -y**3 + y**2 + 16*y - 5. Let f(v) = 3*d(v) - z(v). Is f(7) composite?
True
Suppose -4*a - s = -4684, 3*a - 4*s = -s + 3528. Suppose 0 = 34*f - 38*f + a. Is f prime?
True
Suppose n = -n + 10. Let t be 15906/30 + (-2)/10. Suppose -5*b + t = 2*r, 1060 = 2*r + 2*r - n*b. Is r composite?
True
Let l(n) = -n - 3. Let b be l(-6). Let j be 116/2 - b/(-3). Let d = j - -12. Is d prime?
True
Suppose 7*g - 13114 = 3133. Is g a prime number?
False
Let p = 28 + -31. Let d be (-4)/10 - 4/(-10). Is 0/p + (d - -97) a prime number?
True
Let m(v) = 7*v**2 - 2*v + 7. Let d be m(-3). Let i = d - -147. Is i prime?
True
Let h(i) = 0*i - 2 - 3*i + 29*i**2 - 2*i. Let d be h(-3). Let j = d + -125. Is j composite?
False
Let l = -27952 - -53663. Is l composite?
True
Suppose 0 = -0*c - 3*c - 2592. Let n = -379 + -42. Let x = n - c. Is x composite?
False
Let l(v) = 2528*v**2 + 12*v + 57. Is l(-5) a composite number?
False
Let i(c) be the third derivative of 0*c + 221/60*c**5 + 1/12*c**4 + 0 - 5*c**2 - 1/3*c**3. Is i(1) a prime number?
False
Let t be ((-33)/(-22))/(2/4). Let x(v) = -8*v + 0 + 8 + 11*v**2 + t. Is x(6) composite?
False
Let k = 10887 - 4858. Is k a composite number?
False
Let w be (20/(-25))/(1/(-30)). Is 508*4/w*3 a composite number?
True
Let c = -204 + 361. Is c prime?
True
Suppose -35*s = -7*s - 25004. Is s a prime number?
False
Let z(g) = -6 + 81*g - 35*g + 1 + 396*g. Is z(2) composite?
True
Suppose -50 = 4*b - 226. Suppose -2*s + 46 = -b. Suppose 4*j - s = j. Is j composite?
True
Is 22/(-33)*3 + 125391 a composite number?
True
Let v(i) = 0 - i**2 - 7*i - 2*i**3 + 3 - 2 - 4. Let a be (-5)/2*(-8 - -10). Is v(a) composite?
False
Let t(o) = -19*o - 11. Let u be t(-8). Is u + 5 + 1 + -2 a composite number?
True
Let b(x) = 13 + 15*x - 3*x**2 + 0 + 2*x**2. Let z = 36 + -27. Is b(z) prime?
True
Is 5/((-17680)/17684 + 1) a prime number?
False
Let r(k) = 24*k**2 - k + 2. Let t be r(2). Suppose 2*q - 2*h + t = -134, q + 2*h = -100. Let d = q + 184. Is d a prime number?
False
Is (25336 + -4)/6 - 0 a prime number?
False
Suppose -160 = 8*v - 736. Suppose -v = -j + 10. Is j a prime number?
False
Suppose h = -5*p + 28, 5*p + 3*h - 23 = 1. Is p/1 - 3 - -1946*1 composite?
False
Suppose 3*n - 39 = -5*z - 0, 3*z = 3*n - 15. Let a = -5 + n. Let j(g) = 11*g**3 - 4*g**2 + g - 1. Is j(a) a composite number?
False
Let w(m) = 5*m**2 - 4*m + 4. Let c be w(1). Suppose -77 = -2*n - 5*u, 3*u + 47 = -c*n + 211. Is n a prime number?
True
Let s = -80 + 82. Suppose 286 = -s*q + 2588. Is q a composite number?
False
Suppose 0 = -4*c + 8*c - 48. Suppose 5*b - 23 = c. Is b prime?
True
Suppose -11*a = -15*a + 15964. Is a a composite number?
True
Let c be 4 + (-3)/4*(-44)/11. Is 12311/c - 4/(-14) a prime number?
True
Let g = 16096 - 7893. Is g composite?
True
Suppose -13 = -4*x + p, 0*x + p = 2*x - 9. Suppose 0 = x*t + 3*t - 2935. Is t composite?
False
Let j(s) = s**3 + 3*s**2 - 3*s + 2. Let c be j(-4). Let v(y) = y**3 + 26*y**2 + 46*y - 20. Let r be v(-24). Let d = r + c. Is d prime?
False
Let l = 39 - 39. Suppose 4*w = -c + 336, -3*c + 2*c + 4 = l. Is w composite?
False
Let u(l) = 240*l**2 - 83. Is u(7) prime?
True
Suppose -o = 2*o - 4*j + 17, 4 = -2*o - j. Is o*-1*(-753)/(-9) composite?
False
Suppose 20*w = 39*w - 21869. Is w a prime number?
True
Let p(w) = -38*w - 2. Let t(h) = -38*h - 1. Let o(q) = -4*p(q) + 3*t(q). Let y be 6*(-2)/3*-1. Is o(y) a prime number?
True
Is 8/(-60) + 1354370/150 a composite number?
False
Let y(k) = 2529*k - 2. Let m be y(2). Suppose -8 = -4*f, -m = -4*i - 3*f - f. Suppose -i = -6*d + 4*d. Is d composite?
False
Let m(s) = 43583*s - 42. Is m(1) a composite number?
False
Let j(q) = 30*q + 8. Let k be j(8). Suppose 4*l - 17 = -3*z, -z + 5*z - 11 = -3*l. Suppose -u - r = 4*r - k, 0 = 5*r + l. Is u composite?
True
Let f = 2927 - 1974. Is f a composite number?
False
Let g(s) = -34*s**3 - 4*s**2 - 2*s - 9. Suppose 30*u - 22*u + 32 = 0. Is g(u) a composite number?
False
Let v = -3811 + 6608. Is v a composite number?
False
Let d(f) = 5*f**2 - 15*f + 17. Suppose r - 3 = 0, r - 16 = -b - 2*r. Is d(b) a prime number?
True
Let t(h) = -8*h**2 - 10*h**3 + 3*h - 2 - 3*h + 7*h**2. Is t(-2) prime?
False
Is (13303/(-6) + -1)*-6 prime?
True
Let v(a) = 19*a**2 - 210*a + 146. Is v(48) prime?
False
Let d = -2665 - -1577. Let r = -645 - d. Is r a composite number?
False
Let s(q) = -128*q - 223*q - 12 - 6 + 15. Let c be s(-2). Suppose 3*l - 546 - c = 0. Is l composite?
True
Let l = 44 - 43. Is (-6 - -3)/l + 334 prime?
True
Let h = -30 + 38. Let j be (-1)/2 + 6532/h. Let v = -437 + j. Is v composite?
False
Let m(o) = -179*o + 43. Is m(-6) composite?
False
Suppose -20 = 5*t, 0 = -o + 5*t - t + 24. Suppose o*c = -c + 4977. Is c a composite number?
True
Suppose 126*c = 129*c - 29373. Is c composite?
False
Let w(t) = 2*t**2 - 9*t - 9. Let n be w(5). Is (n + 14/4)/((-1)/526) a prime number?
True
Let q(m) = 12 + 1 + 0*m**2 + 2*m**2 + 8*m**3 - 9*m**3. Is q(-8) composite?
False
Suppose 0 = -6*l + l + 13775. Let y = l + -1500. Is y composite?
True
Is (18319/14)/(9/306) composite?
True
Let j = 6806 + -3349. Is j composite?
False
Let k = 9321 - 5362. Is k a prime number?
False
Let y(k) = 2*k - 3. Let b be y(3). Suppose -c - 1 = b. Is c/(-10) + 3212/20 a composite number?
True
Let m(x) = -63*x - 2. Let w be m(-7). Suppose w = 8*n - 241. Is n a prime number?
False
Let c be 9/4*(-55360)/(-12). Suppose 2*m - 7393 = x - 2209, -c = -4*m - x. Is m prime?
False
Let q(f) = -2*f**3 + 8*f**2 - 6*f + 2. Let j(u) = u**2 + 3*u + 2. Let c be j(-4). Let b be q(c). Let p = b + 677. Is p prime?
True
Suppose -19*w = -505 - 274. Suppose -40*n = -w*n + 119. Is n a prime number?
False
Is 3011/(5 + (-3 - -3) - 4) prime?
True
Let r = 48 - 47. Is 2078*r + 6/2 a prime number?
True
Let z(a) be the third derivative of 2*a**5/15 - a**4/24 + 11*a**3/6 + 9*a**2. Is z(12) composite?
False
Suppose -2*h - 2*o - 8 = 0, h = -2*h - o - 6. Let s be -6*(2/6)/h. Is (-537)/(-6) + (-1)/s a prime number?
True
Let x(r) = 79*r - 1. Suppose -2*f + 1 = 5*u, -2*f + 3*f + 6 = 4*u. Suppose -9 + u = -4*n. Is x(n) a composite number?
False
Suppose 3*i = -4*b + 2954, -b + 3*i + 2*i + 727 = 0. Is b prime?
False
Let i = 0 - -2. Suppose 0 = -i*h + 346 - 92. Is h composite?
False
Let o(u) = 3*u**3 + 6*u**2 - 4*u + 5. Let r(a) = -a**2 - a. Let i(y) = -o(y) + 6*r(y). Let p(k) = k**3. Let j(v) = i(v) + 4*p(v). Is j(14) a prime number?
True
Let t(z) = 16*z**2 - 31*z - 344. Is t(-26) composite?
True
Suppose -4*j + 6 = 2*t + 2, 0 = 5*j - 5. Is -1 - 0 - 288*(-1 - t) composite?
True
Let v be ((-7)/(7/2))/(-1). Suppose 3*j = -v*o + 4*o + 10, -3*o = -5*j + 16. Suppose -2*a + 846 = 2*b + 3*a, j*b - 838 = -3*a. Is b prime?
False
Let n(m) be the first derivative of -m**4/4 + 5*m**3/3 - m**2/2 - 11*m + 8. Is n(-6) a prime number?
False
Suppose y = -5*d + 28, 0 = 3*y + 2*d + 3*d - 44. Let z(r) = 2*r**3 - 3*r**2 + 8*r + 11. Is z(y) prime?
True
Is (-2 - -2293)/(-1 + -1 + 3) composite?
True
Is -4 + (-5)/(5/(-161)) a prime number?
True
Let s(w) = -16*w**3 + 8*w**2 + 11*